 f(5). Give h(w).
-1
Let n(g) = -g + 3. Let q(i) be the first derivative of -i**3/3 + 7*i**2/2 - 3*i - 2. Let z(p) = p + 12. Let k be z(-5). Let j be q(k). Give n(j).
6
Let t(h) = -3*h**2 + 5*h**2 - 2*h - h**3 + 2*h**2 - 40 + 45 - h. What is t(3)?
5
Let v(c) = -6*c - c**3 + 15*c + 6*c**2 - 1649 + 1641. Give v(7).
6
Let g(p) = -3*p - 4. Let d be -2 + (-2)/3 + (-14)/6. Give g(d).
11
Let w(p) = p**3 + 3*p**2 + p - 3. Suppose 15 = -41*d + 36*d. Give w(d).
-6
Let j(t) = -37*t + 109. Let c be j(3). Let g(i) = 5*i + 4. Determine g(c).
-6
Let g be (-2 - (-8)/5)*-5. Suppose -2*b + 3*b = 0. Let w(m) = g*m - 1 + 4*m**2 - 3*m**2 + b + 0. Calculate w(-2).
-1
Suppose -4*f - 128 = 4*l, 4*l = -0*l + 3*f - 93. Let i = l + 16. Let m(n) = n**3 + 12*n**2 + 10*n - 10. Give m(i).
1
Let w be (-12)/(-20) - 1506/10. Let f be 2/6 + w/(-9). Let v = f + -17. Let q(i) = -i**2 - 10. Give q(v).
-10
Let f(a) = -a**2 + 6*a + 2. Let i(w) = w**2 - 2*w - 9. Suppose 0*g = 3*g - 15. Let m be i(g). Let p be f(m). Let q(y) = y**3 - 2*y**2 - 2*y + 1. Determine q(p).
-3
Suppose -2*o - 36 = -11*o. Let w(v) = 5 - 2*v - 3*v - 2*v + v**2. Calculate w(o).
-7
Suppose 4*l - 8 = -o, 2*o - 3*o - l - 1 = 0. Let k(m) = m**3 + 3*m**2 - 3*m + 2. Give k(o).
-2
Let u(z) = -z**3 + 9*z**2 + z - 11. Let m be (-178)/(-20) - (55/(-50))/11. Determine u(m).
-2
Let c(y) = 3*y + 16. Suppose 4*q + 2*t + 9 = -23, 53 = -5*q + 4*t. Calculate c(q).
-11
Let r(o) = 7*o + 44. Let y be r(-6). Suppose 3*p + b - 5*b + 29 = 0, -p - y*b = -7. Let i(c) = c**2 + 3*c - 3. What is i(p)?
-3
Let o(q) = 2*q**2 - 11*q + 12. Let l be o(9). Suppose 0 = -z + 6*z - l. Let a be (5/z)/((-1)/(-6)). Let m(g) = g**2 - 4*g - 1. Give m(a).
-5
Let j(v) be the first derivative of -6*v + 2 + v**2 - 3*v - 4. Let a = 1 + 5. Determine j(a).
3
Let x(m) = -9*m**2 + 4*m - 2. Let q = -206 + 208. Determine x(q).
-30
Let s(g) = g**3 + 5*g**2 - 7*g. Suppose -4*k = -3*u - k - 3, 16 = 2*u + 4*k. Suppose -3 = 18*y - 19*y. Suppose t = -y*l - 3, 4*t - u*l + 27 = l. Give s(t).
6
Let w(g) be the second derivative of g**3/6 + 9*g**2/2 + 5*g + 7. Suppose 10 = -3*f - 5*p, 2*f = 2*p + 2*p + 8. Calculate w(f).
9
Let p(v) be the second derivative of v**4/12 - 7*v**3/6 + 2*v**2 - v + 9. Let r(k) = -k**2 - 6*k + 34. Let a be r(-9). What is p(a)?
4
Let c(a) be the third derivative of a**5/60 + a**4/4 + 5*a**3/6 + a**2. Suppose 3*b = -6*b + 18. Suppose -6*p - 20 = -b*p. Calculate c(p).
0
Let c(j) = -4*j + 0*j - 1 + 4*j**2 - 17*j**2 - 2*j**3 + 7*j**2 + 0*j**2. What is c(-3)?
11
Let s = 37 + -32. Suppose -s*m + 25 = 35. Let w(r) = -r**3 - 3*r**2 - r - 1. Determine w(m).
-3
Suppose 0 = -14*x + 5*x + 135. Let m = x - 11. Let n(w) = -w**2 + 4*w. Determine n(m).
0
Let b(v) = -3*v**2 + 2*v - 2. Let t(q) = 8*q**2 - 5*q + 6. Let s(f) = -11*b(f) - 4*t(f). Let y(h) = 2*h**2 + 40*h + 185. Let o be y(-7). Determine s(o).
1
Let j(s) = -17*s + 21. Let y(z) = 9*z - 10. Let c(m) = -6*j(m) - 11*y(m). Give c(7).
5
Let q(y) = -y**3 - 10*y**2 - 7*y + 11. Let b(v) = -2*v**2 + 27*v - 72. Let c be b(3). What is q(c)?
-7
Let s(m) = 3*m**2 - m - 12. Let o(n) = 13*n**2 - 5*n - 48. Let j(f) = -2*o(f) + 9*s(f). Let g be (3 + -3)/(6 - 1 - 9). Determine j(g).
-12
Let c = 2 - 4. Let q(l) = -3*l + l + 5*l + 5*l**2 - l**2. What is q(c)?
10
Let w(h) = 3*h - 1. Let s be (-2 - 12/(-3)) + 0 + 2. Determine w(s).
11
Let l(w) be the first derivative of 10 - 3/2*w**2 + w. Determine l(-6).
19
Suppose 0*h + 25*h + 25 = 0. Let u(z) = 7*z**3 + z**2 - 2*z - 2. What is u(h)?
-6
Let i(d) = -165*d + 55*d + 60*d + 52*d - 7 + 8. Suppose 4*c - 14 = 10. Calculate i(c).
13
Let f(c) = -2*c - 15. Let b be ((-12)/(-8) + 2/(-4))*2. Let l be 3*(-12)/(-45)*(-25)/b. Give f(l).
5
Let z(t) = 13*t + 1. Let d(p) = -27*p - 2. Let r(h) = 2*d(h) + 5*z(h). Suppose -1216*w = -1174*w + 42. Give r(w).
-10
Let a be (-1)/4 - (-115)/(-20). Let x be (-4)/a + (-16)/6. Let v(h) = h. What is v(x)?
-2
Let w(h) = 2*h + 5. Suppose -3*d - 4*r = 29, 19*r + 14 = -3*d + 18*r. Determine w(d).
-1
Let o(i) = i**3 - 5*i**2 + i. Suppose 8*d + 0*d - 984 = 0. Let n = 128 - d. What is o(n)?
5
Let z(s) = -6 + 140*s - 432*s + 144*s + 146*s. What is z(8)?
-22
Suppose -31 = 2*k - k. Let c = 31 + k. Let f(n) = -n + 6. Give f(c).
6
Let s be ((-7)/((-7)/3))/((-1)/(-5)). Let c(q) = -6*q - 15. Let a(k) = -k - 2. Let f(r) = s*a(r) - 2*c(r). Calculate f(-4).
12
Suppose 4 = 2*q - 4. Let u be -3*3/(-9)*q. Let d(j) = -j + 1. Let i(p) = -2*p + 2. Let k(w) = -7*d(w) + 3*i(w). What is k(u)?
3
Let q(p) = 2*p**2 - 8*p + 5. Suppose 32 = -7*t + 74. What is q(t)?
29
Suppose 13*g + 3 = 14*g. Suppose 0 = 2*k + k + 5*f + 14, -g*k = -4*f + 5. Let j(l) be the third derivative of l**4/24 + l**3/2 - 2*l**2. Calculate j(k).
0
Let f = -3 + 12. Suppose -20 = -3*t - 5*x, -t - 4*x = -0*t - f. Let b(c) = 32*c + 27*c - 11*c**3 - 3 - 91*c + 10*c**3 + 33*c + 5*c**2. What is b(t)?
2
Let g(k) = k**2 + 2*k - 3. Let o be (2 - 3)*4 - 3/(-3). Calculate g(o).
0
Let z(b) = -b + 13. Suppose -2*j + 0*j - 2*a + 18 = 0, 15 = 2*j + 3*a. Suppose -2*x + 2 + j = 0. Give z(x).
6
Let t be (1 - (1 - -16))*9/(-18). Let l(k) = 4*k + 5*k**2 - k - 4 + t - 2*k + k**3. Let n be -1*(2 - 1) - 4. Determine l(n).
-1
Suppose -t = -5*g + 7, 5*g + 4*t = 3*t + 13. Let x(s) = 10*s**g - 8*s - s**2 + 9*s. Calculate x(-1).
8
Let u(d) = -d**3 + 5*d**2 + 8*d - 8. Let c be (-3)/12 + 23/(-4). Let a be (-8)/(-3) - (-4)/c. Suppose a*s - 30 = -3*s. What is u(s)?
4
Let p(n) = n**3 + 10*n**2 - 3*n - 12. Let s = 173 - 183. Give p(s).
18
Let k(o) = o**3 - 8*o**2 - 9*o + 7. Suppose 131 = 6*q - 175. Suppose 0 = -6*j + q + 3. What is k(j)?
7
Let m(n) = -20*n**2 + 12 + 6*n + 9*n**2 - 22*n + 7*n + 10*n**2. Let k(c) = -c**3 + 2*c**2 + 7*c - 6. Let r be k(4). Give m(r).
2
Let s(t) = -t**2 - 2 + 2 - 2 + 5*t. Suppose -5*d - 12 = 3. Let z(m) = -m**3 - 2*m**2 + 3*m + 5. Let q be z(d). Give s(q).
-2
Let j(p) = -p**2 + p + 26. Let z(k) = 3*k - 200. Let f be z(65). What is j(f)?
-4
Let s(f) = f**2 + 9*f - 6. Let y(l) = -l - 7. Let a be y(-12). Suppose -8 = -4*i, 18 = -a*u - 5*i - 7. Determine s(u).
-20
Let b = 202 - 212. Let n(t) = t**3 + 9*t**2 - 10*t - 11. Give n(b).
-11
Let d(h) be the first derivative of -9 - 1/2*h**2 + h**3 + 0*h. Suppose -2*r + 4 = -n - 2, 5*r = -4*n - 11. Determine d(r).
2
Let v = 39 + -34. Let i be v*(-4)/(-4) - 4. Let r(n) = 2*n**3 + 2*n**2 - 1. Give r(i).
3
Let s(z) = -10*z**2 + z. Suppose -4*h + 4*o + 7 = -9, 2*o + 11 = 3*h. Suppose 7 - h = 4*v. Determine s(v).
-9
Let w = -302 + 305. Let l be 13/3 - (-8)/12. Let q(v) = 0 + 2 + 3*v**2 - l*v - 2*v**2. Calculate q(w).
-4
Let d(w) = 3*w**2 + 2 - 577*w + 7*w**3 - 4*w**3 + 581*w. Give d(-2).
-18
Suppose r + 4 = 5*x, x - r = -2*r + 2. Let a(o) = -5*o - 3. Let q(f) = 2*f + 1. Let i(s) = -3*a(s) - 8*q(s). Determine i(x).
0
Suppose 0 = -9*p + 3*p + 18. Let x(m) = -138*m**2 + 71*m**2 - m**p + 1 + m + 0*m**3 + 63*m**2. Determine x(-4).
-3
Let z(a) be the first derivative of -a**2/2 + a + 3. Let t(c) = 2*c**2. Let o(y) = -t(y) - 2*z(y). Calculate o(2).
-6
Suppose -4*u - 2*q = 2*q - 4, u - 3*q - 17 = 0. Suppose 3*w = d - 0 + 23, -w = -u*d - 17. Suppose -w - 13 = 4*n. Let v(j) = j**3 + 5*j**2 - 2. What is v(n)?
-2
Let f(b) = -b**3 - 4*b**2 - 2*b + 2. Suppose -4*t = -78 - 102. Let d = t - 47. Give f(d).
-2
Let q(t) = -t - 6. Suppose 8 = 3*u - u. Suppose -37 = -0*a + u*a - 3*n, -4*a = -4*n + 40. Calculate q(a).
1
Let h(d) = -2*d + d**3 + 7*d + 19 + 5*d**2 + 3*d**2. What is h(-8)?
-21
Let o(c) = -24*c**3 + 26*c**2 - 4*c - 1. Let v(n) = -11*n**3 + 13*n**2 - n - 1. Let w(y) = 6*o(y) - 13*v(y). Calculate w(-12).
-5
Let b(j) = 2 + 8*j**2 - 1 + 11*j**2 + 2*j**3 - 21*j**2. Give b(-1).
-3
Let h = -85 - -83. Let d(m) be the first derivative of -m**4/4 - 2*m**3/3 - m**2 + m - 7. Calculate d(h).
5
Let o(l) be the first derivative of -2*l**3/3 + l**2 - 449. Suppose -t + 10 = t. Let b = -3 + t. Determine o(b).
-4
Let o(d) = -60 - d**2 + 28 - d**3 + 3*d + d + 30. Give o(3).
-26
Let x(d) = -8*d + 1. Let t(n) = -n**2 - 7*n - 8. Let u be t(-6). Calculate x(u).
17
Let o be (2 - 1)/(6/(-204)). Let c be (-6)/6*o/2. Let f = c + -11. Let d(g) = g**3 - 6*g**2 + 2*g - 1. Calculate d(f).
11
Let i = 9 + 7. Suppose 5*v - 3*m = -8*m - 10, 5*v = m - i. Let t = v - -7. Let q(b) = -b**2 + 3*b + 1. Determine q(t).
-3
Suppose 